nd 73455300.
1530
What is the greatest common factor of 35462140 and 2170?
2170
What is the highest common divisor of 12313 and 26614?
7
Calculate the highest common divisor of 209 and 25416974.
11
Calculate the greatest common divisor of 7568 and 1726364.
172
What is the highest common factor of 594 and 1291653?
297
What is the highest common divisor of 6280 and 30025936?
1256
What is the highest common factor of 10 and 27505612?
2
Calculate the highest common factor of 1961 and 452779.
53
What is the greatest common divisor of 12222 and 1779120?
126
What is the highest common factor of 2922704 and 592?
592
What is the greatest common divisor of 231315628 and 3305?
661
Calculate the greatest common divisor of 14976 and 1152216.
936
What is the highest common divisor of 1716 and 64614524?
52
Calculate the highest common factor of 8875825 and 2975.
175
What is the greatest common factor of 1163774 and 184970?
106
Calculate the highest common divisor of 23571 and 48681.
81
Calculate the highest common divisor of 14397399 and 864.
27
Calculate the greatest common factor of 9360416 and 2288.
208
Calculate the greatest common divisor of 224346753 and 1608.
201
Calculate the highest common divisor of 95395896 and 19224.
6408
Calculate the greatest common factor of 6636 and 56924161.
553
Calculate the highest common divisor of 124248528 and 2448.
144
Calculate the greatest common divisor of 3439345 and 650.
65
Calculate the highest common divisor of 9058 and 188432280.
1294
Calculate the greatest common divisor of 88366 and 1267622.
782
Calculate the highest common factor of 5723881 and 3197.
139
Calculate the greatest common divisor of 595 and 24236985.
85
Calculate the greatest common factor of 22932 and 97839.
63
What is the greatest common divisor of 10077445 and 91?
7
Calculate the highest common factor of 248040004 and 23.
23
Calculate the greatest common divisor of 981 and 1000075.
109
What is the highest common divisor of 91339824 and 48?
48
Calculate the greatest common divisor of 54432 and 19012.
28
What is the highest common divisor of 2234865 and 36900?
15
Calculate the highest common factor of 158 and 62183586.
158
What is the highest common factor of 5289 and 143090?
41
Calculate the highest common divisor of 17500 and 300020.
140
What is the highest common factor of 59 and 38138072?
59
Calculate the highest common factor of 43231626 and 1350.
18
Calculate the greatest common divisor of 239847828 and 96.
12
What is the greatest common divisor of 44 and 297004?
4
Calculate the greatest common divisor of 12426 and 90860983.
2071
Calculate the greatest common divisor of 613 and 18348316.
613
What is the greatest common divisor of 17344 and 261952?
64
What is the highest common divisor of 252 and 15352596?
252
Calculate the highest common factor of 166 and 86105777.
83
Calculate the greatest common divisor of 182 and 19599424.
26
What is the greatest common factor of 1719 and 7290279?
1719
What is the highest common factor of 358 and 5350668?
358
What is the greatest common divisor of 13281 and 3900749229?
13281
Calculate the greatest common divisor of 179906406 and 6.
6
Calculate the greatest common divisor of 84 and 1113973.
7
What is the greatest common divisor of 5589 and 1460673?
243
Calculate the highest common factor of 727864 and 168.
8
Calculate the highest common factor of 907436 and 2168177.
3719
What is the highest common divisor of 140375 and 278504?
1123
Calculate the greatest common divisor of 67958512 and 48.
16
Calculate the highest common factor of 71488298 and 13566.
4522
What is the greatest common factor of 300895 and 2135?
35
What is the highest common divisor of 1136600 and 11900?
100
What is the highest common divisor of 91169 and 5356?
13
What is the greatest common divisor of 13241631 and 65?
13
Calculate the greatest common divisor of 918 and 12409146.
54
What is the greatest common divisor of 10287 and 19521?
81
What is the highest common factor of 94 and 1774629948?
94
Calculate the highest common factor of 34 and 18487211.
17
Calculate the greatest common factor of 1196976 and 158400.
528
Calculate the greatest common divisor of 51430431 and 234.
39
Calculate the greatest common divisor of 40 and 52018408.
8
What is the highest common divisor of 4378 and 772222?
22
What is the highest common factor of 7 and 580966645?
7
Calculate the greatest common factor of 4245 and 2111100.
15
What is the highest common factor of 15127226 and 579822?
4714
What is the highest common divisor of 146610000 and 1875?
1875
What is the greatest common divisor of 14 and 108285828?
14
What is the highest common divisor of 7287 and 210525?
21
What is the highest common factor of 309360 and 3445497?
3867
What is the highest common divisor of 5345580 and 516220?
1060
Calculate the greatest common factor of 30016 and 7267904.
448
What is the greatest common factor of 435210 and 222500?
890
Calculate the highest common factor of 20690606 and 2872.
718
Calculate the highest common divisor of 60 and 1200448290.
30
What is the highest common factor of 9 and 83631045?
3
What is the greatest common factor of 7784537 and 4997?
263
Calculate the highest common divisor of 24518 and 9637.
23
What is the greatest common divisor of 25 and 307734775?
25
What is the greatest common divisor of 70709166 and 594?
594
What is the greatest common factor of 54495 and 22260?
105
Calculate the highest common divisor of 2863476 and 131191.
1033
What is the greatest common factor of 518016 and 2639993?
1349
Calculate the highest common divisor of 2179216 and 1424.
16
Calculate the greatest common factor of 5540158 and 22.
2
What is the highest common factor of 1386 and 187383042?
1386
Calculate the highest common factor of 4376 and 1350543.
547
What is the highest common divisor of 342581 and 301?
43
What is the highest common factor of 36090 and 20852?
802
What is the greatest common factor of 18241 and 1931081?
493
What is the highest common factor of 15785 and 6860?
35
What is the greatest common factor of 14560 and 40466335?
455
Calculate the greatest common factor of 2444848 and 58681.
581
Calculate the highest common factor of 2951 and 87581.
13
What is the highest common factor of 13322268 and 30020?
76
What is the greatest common factor of 176385 and 65285?
55
Calculate the highest common divisor of 325 and 2592265.
65
Calculate the highest common divisor of 105555 and 5708805.
465
What is the greatest common factor of 867005 and 554305?
295
What is the highest common factor of 11665194 and 6?
6
Calculate the greatest common divisor of 36 and 35087604.
12
What is the highest common divisor of 85602 and 11154?
66
What is the greatest common divisor of 250 and 1654850?
50
Calculate the greatest common divisor of 556700 and 11400.
1900
What is the highest common factor of 28370222 and 2?
2
Calculate the greatest common divisor of 2262 and 180206.
754
What is the greatest common factor of 39601751 and 686?
343
Calculate the highest common divisor of 100854624 and 8.
8
Calculate the greatest common factor of 5534198 and 178.
178
Calculate the highest common factor of 64 and 331271968.
32
What is the highest common divisor of 9996985 and 4453?
4453
What is the greatest common factor of 73554 and 35478489?
2829
What is the greatest common factor of 13569154 and 114?
38
What is the greatest common factor of 13 and 918743267?
13
What is the greatest common factor of 304262 and 31106?
206
What is the greatest common factor of 49936 and 98384?
16
Calculate the greatest common factor of 15291 and 6687.
9
What is the highest common divisor of 590 and 132922575?
295
What is the greatest common factor of 17 and 84354527?
17
Calculate the greatest common factor of 79 and 2990703.
79
What is the greatest common factor of 2920 and 282250412?
292
What is the greatest common divisor of 58987 and 8174?
61
What is the highest common factor of 6036 and 5760276?
12
What is the highest common factor of 11147272 and 7734?
2578
What is the greatest common divisor of 8 and 2738095512?
8
What is the greatest common factor of 3467235 and 61710?
255
Calculate the highest common divisor of 25929 and 905103.
603
What is the greatest common divisor of 8628446 and 262?
262
Calculate